{"id":53,"date":"2024-07-26T09:41:23","date_gmt":"2024-07-26T07:41:23","guid":{"rendered":"https:\/\/www.svoe-leoben.at\/wpsvoe\/?page_id=53"},"modified":"2024-07-26T09:42:05","modified_gmt":"2024-07-26T07:42:05","slug":"chronik","status":"publish","type":"page","link":"https:\/\/www.svoe-leoben.at\/wpsvoe\/chronik\/","title":{"rendered":"Chronik"},"content":{"rendered":"\t\t<div data-elementor-type=\"wp-page\" data-elementor-id=\"53\" class=\"elementor elementor-53\">\n\t\t\t\t<div class=\"elementor-element elementor-element-944f394 e-flex e-con-boxed e-con e-parent\" data-id=\"944f394\" data-element_type=\"container\">\n\t\t\t\t\t<div class=\"e-con-inner\">\n\t\t<div class=\"elementor-element elementor-element-a17137b e-con-full e-flex e-con e-child\" data-id=\"a17137b\" data-element_type=\"container\">\n\t\t\t\t<div class=\"elementor-element elementor-element-50186ec elementor-widget elementor-widget-heading\" data-id=\"50186ec\" data-element_type=\"widget\" data-widget_type=\"heading.default\">\n\t\t\t\t<div class=\"elementor-widget-container\">\n\t\t\t\t\t<h2 class=\"elementor-heading-title elementor-size-default\">Chronik<\/h2>\t\t\t\t<\/div>\n\t\t\t\t<\/div>\n\t\t\t\t<\/div>\n\t\t<div class=\"elementor-element elementor-element-b962ac9 e-con-full e-flex e-con e-child\" data-id=\"b962ac9\" data-element_type=\"container\">\n\t\t\t\t<div class=\"elementor-element elementor-element-89b7e6c elementor-widget elementor-widget-text-editor\" data-id=\"89b7e6c\" data-element_type=\"widget\" data-widget_type=\"text-editor.default\">\n\t\t\t\t<div class=\"elementor-widget-container\">\n\t\t\t\t\t\t\t\t\t<p>Am 27. Dezember 1978 wurde unter der F\u00fchrung von BM. Friedrich Verient die Gr\u00fcndung des \u00d6sterr. Sch\u00e4ferhundevereines Ortsgruppe Leoben beschlossen.<\/p><p>Am 9. Februar 1979 fand die konstituierende Gr\u00fcnderversammlung mit der Wahl des Vorstandes statt (Obmann: Ernst \u00a0Leister, Stv. BM. Friedrich Verient). 6 Wochen danach erfolgte die Genehmigung des Vereines durch die Sicherheitsdirektion f\u00fcr die Steiermark.<\/p><p>Am Rande von Leoben, in Waltenbach, konnte ein entsprechendes Grundst\u00fcck gepachtet werden. Nach umfangreichen Arbeiten, wie Umz\u00e4unung des Abrichteplatzes und Begradigung wurde der Kursbetrieb noch im selben Jahr aufgenommen. Sp\u00e4ter wurde noch ein Clubhaus \u00a0errichtet und in den Jahren 1980, 1982 und 1984 wurde auf unserem Gel\u00e4nde die S\u00fcdost-Schau abgehalten.<\/p><p>Obmann Ernst Leister legte 1982 sein Amt zur\u00fcck und wurde durch Friedrich Verient ersetzt.<\/p><p>1991 kam Armin Ertler zur Ortsgruppe Leoben und wurde schlie\u00dflich 1994 zum Obmann des Vereines gew\u00e4hlt. Unter seiner F\u00fchrung hatte der Verein wohl die schwerste Bew\u00e4hrungsprobe zu \u00fcberstehen. Mit Dezember 1997 wurde n\u00e4mlich der Pachtvertrag gek\u00fcndigt und der Verein stand ohne Ausbildungsgel\u00e4nde da.<\/p><p>Nach langer Suche konnte im Fr\u00fchjahr 1998 mit der Fa. Brigl &amp; Bergmeister ein Pachtvertrag \u00fcber ein unwegsames und unerschlossenes Gel\u00e4nde in Niklasdorf abgeschlossen werden. Unter gro\u00dfen Anstrengungen und finanziellen Belastungen konnte daraus einer der gr\u00f6\u00dften und sch\u00f6nsten Ausbildungspl\u00e4tze in der Steiermark gemacht werden.<\/p><p>Mit der \u00dcbersiedelung nach Niklasdorf wurde auch der Vereinsname auf \u00d6sterr. Sch\u00e4ferhundeverein Ortsgruppe Leoben Niklasdorf ge\u00e4ndert.<\/p><p>Ehrenmitglieder:<\/p><p>Herr\u00a0<strong>Prok. Alfred EBERHART<\/strong>, Fa. Brigl &amp; Bergmeister GmbH, Ehrenmitglied seit 1998;<\/p><p>Herr\u00a0<strong>Dr.vet.med. Heinz <\/strong><strong>GILLI<\/strong>, Tierklinik Oberaich, Ehrenmitglied seit 2005<\/p>\t\t\t\t\t\t\t\t<\/div>\n\t\t\t\t<\/div>\n\t\t\t\t<\/div>\n\t\t\t\t\t<\/div>\n\t\t\t\t<\/div>\n\t\t\t\t<\/div>\n\t\t","protected":false},"excerpt":{"rendered":"<p>Chronik Am 27. Dezember 1978 wurde unter der F\u00fchrung von BM. Friedrich Verient die Gr\u00fcndung des \u00d6sterr. Sch\u00e4ferhundevereines Ortsgruppe Leoben beschlossen. Am 9. Februar 1979 fand die konstituierende Gr\u00fcnderversammlung mit [&hellip;]<\/p>\n","protected":false},"author":1,"featured_media":0,"parent":0,"menu_order":0,"comment_status":"closed","ping_status":"closed","template":"","meta":{"ocean_post_layout":"full-width","ocean_both_sidebars_style":"","ocean_both_sidebars_content_width":0,"ocean_both_sidebars_sidebars_width":0,"ocean_sidebar":"","ocean_second_sidebar":"","ocean_disable_margins":"on","ocean_add_body_class":"","ocean_shortcode_before_top_bar":"","ocean_shortcode_after_top_bar":"","ocean_shortcode_before_header":"","ocean_shortcode_after_header":"","ocean_has_shortcode":"","ocean_shortcode_after_title":"","ocean_shortcode_before_footer_widgets":"","ocean_shortcode_after_footer_widgets":"","ocean_shortcode_before_footer_bottom":"","ocean_shortcode_after_footer_bottom":"","ocean_display_top_bar":"on","ocean_display_header":"on","ocean_header_style":"","ocean_center_header_left_menu":"","ocean_custom_header_template":"","ocean_custom_logo":0,"ocean_custom_retina_logo":0,"ocean_custom_logo_max_width":0,"ocean_custom_logo_tablet_max_width":0,"ocean_custom_logo_mobile_max_width":0,"ocean_custom_logo_max_height":0,"ocean_custom_logo_tablet_max_height":0,"ocean_custom_logo_mobile_max_height":0,"ocean_header_custom_menu":"","ocean_menu_typo_font_family":"","ocean_menu_typo_font_subset":"","ocean_menu_typo_font_size":0,"ocean_menu_typo_font_size_tablet":0,"ocean_menu_typo_font_size_mobile":0,"ocean_menu_typo_font_size_unit":"px","ocean_menu_typo_font_weight":"","ocean_menu_typo_font_weight_tablet":"","ocean_menu_typo_font_weight_mobile":"","ocean_menu_typo_transform":"","ocean_menu_typo_transform_tablet":"","ocean_menu_typo_transform_mobile":"","ocean_menu_typo_line_height":0,"ocean_menu_typo_line_height_tablet":0,"ocean_menu_typo_line_height_mobile":0,"ocean_menu_typo_line_height_unit":"","ocean_menu_typo_spacing":0,"ocean_menu_typo_spacing_tablet":0,"ocean_menu_typo_spacing_mobile":0,"ocean_menu_typo_spacing_unit":"","ocean_menu_link_color":"","ocean_menu_link_color_hover":"","ocean_menu_link_color_active":"","ocean_menu_link_background":"","ocean_menu_link_hover_background":"","ocean_menu_link_active_background":"","ocean_menu_social_links_bg":"","ocean_menu_social_hover_links_bg":"","ocean_menu_social_links_color":"","ocean_menu_social_hover_links_color":"","ocean_disable_title":"on","ocean_disable_heading":"default","ocean_post_title":"","ocean_post_subheading":"","ocean_post_title_style":"","ocean_post_title_background_color":"","ocean_post_title_background":0,"ocean_post_title_bg_image_position":"","ocean_post_title_bg_image_attachment":"","ocean_post_title_bg_image_repeat":"","ocean_post_title_bg_image_size":"","ocean_post_title_height":0,"ocean_post_title_bg_overlay":0.5,"ocean_post_title_bg_overlay_color":"","ocean_disable_breadcrumbs":"default","ocean_breadcrumbs_color":"","ocean_breadcrumbs_separator_color":"","ocean_breadcrumbs_links_color":"","ocean_breadcrumbs_links_hover_color":"","ocean_display_footer_widgets":"default","ocean_display_footer_bottom":"default","ocean_custom_footer_template":"","footnotes":""},"class_list":["post-53","page","type-page","status-publish","hentry","entry"],"yoast_head":"<!-- This site is optimized with the Yoast SEO plugin v25.1 - https:\/\/yoast.com\/wordpress\/plugins\/seo\/ -->\n<title>Chronik - SV\u00d6 Leoben<\/title>\n<meta name=\"robots\" content=\"index, follow, max-snippet:-1, max-image-preview:large, max-video-preview:-1\" \/>\n<link rel=\"canonical\" href=\"https:\/\/www.svoe-leoben.at\/wpsvoe\/chronik\/\" \/>\n<meta property=\"og:locale\" content=\"de_DE\" \/>\n<meta property=\"og:type\" content=\"article\" \/>\n<meta property=\"og:title\" content=\"Chronik - SV\u00d6 Leoben\" \/>\n<meta property=\"og:description\" content=\"Chronik Am 27. Dezember 1978 wurde unter der F\u00fchrung von BM. Friedrich Verient die Gr\u00fcndung des \u00d6sterr. Sch\u00e4ferhundevereines Ortsgruppe Leoben beschlossen. Am 9. Februar 1979 fand die konstituierende Gr\u00fcnderversammlung mit [&hellip;]\" \/>\n<meta property=\"og:url\" content=\"https:\/\/www.svoe-leoben.at\/wpsvoe\/chronik\/\" \/>\n<meta property=\"og:site_name\" content=\"SV\u00d6 Leoben\" \/>\n<meta property=\"article:modified_time\" content=\"2024-07-26T07:42:05+00:00\" \/>\n<meta name=\"twitter:card\" content=\"summary_large_image\" \/>\n<meta name=\"twitter:label1\" content=\"Gesch\u00e4tzte Lesezeit\" \/>\n\t<meta name=\"twitter:data1\" content=\"2\u00a0Minuten\" \/>\n<script type=\"application\/ld+json\" class=\"yoast-schema-graph\">{\"@context\":\"https:\/\/schema.org\",\"@graph\":[{\"@type\":\"WebPage\",\"@id\":\"https:\/\/www.svoe-leoben.at\/wpsvoe\/chronik\/\",\"url\":\"https:\/\/www.svoe-leoben.at\/wpsvoe\/chronik\/\",\"name\":\"Chronik - SV\u00d6 Leoben\",\"isPartOf\":{\"@id\":\"https:\/\/www.svoe-leoben.at\/wpsvoe\/#website\"},\"datePublished\":\"2024-07-26T07:41:23+00:00\",\"dateModified\":\"2024-07-26T07:42:05+00:00\",\"breadcrumb\":{\"@id\":\"https:\/\/www.svoe-leoben.at\/wpsvoe\/chronik\/#breadcrumb\"},\"inLanguage\":\"de\",\"potentialAction\":[{\"@type\":\"ReadAction\",\"target\":[\"https:\/\/www.svoe-leoben.at\/wpsvoe\/chronik\/\"]}]},{\"@type\":\"BreadcrumbList\",\"@id\":\"https:\/\/www.svoe-leoben.at\/wpsvoe\/chronik\/#breadcrumb\",\"itemListElement\":[{\"@type\":\"ListItem\",\"position\":1,\"name\":\"Startseite\",\"item\":\"https:\/\/www.svoe-leoben.at\/wpsvoe\/\"},{\"@type\":\"ListItem\",\"position\":2,\"name\":\"Chronik\"}]},{\"@type\":\"WebSite\",\"@id\":\"https:\/\/www.svoe-leoben.at\/wpsvoe\/#website\",\"url\":\"https:\/\/www.svoe-leoben.at\/wpsvoe\/\",\"name\":\"SV\u00d6 Leoben\",\"description\":\"\u00d6sterreichischer Verein f\u00fcr Deutsche Sch\u00e4ferhunde\",\"publisher\":{\"@id\":\"https:\/\/www.svoe-leoben.at\/wpsvoe\/#organization\"},\"potentialAction\":[{\"@type\":\"SearchAction\",\"target\":{\"@type\":\"EntryPoint\",\"urlTemplate\":\"https:\/\/www.svoe-leoben.at\/wpsvoe\/?s={search_term_string}\"},\"query-input\":{\"@type\":\"PropertyValueSpecification\",\"valueRequired\":true,\"valueName\":\"search_term_string\"}}],\"inLanguage\":\"de\"},{\"@type\":\"Organization\",\"@id\":\"https:\/\/www.svoe-leoben.at\/wpsvoe\/#organization\",\"name\":\"SV\u00d6 Leoben\",\"url\":\"https:\/\/www.svoe-leoben.at\/wpsvoe\/\",\"logo\":{\"@type\":\"ImageObject\",\"inLanguage\":\"de\",\"@id\":\"https:\/\/www.svoe-leoben.at\/wpsvoe\/#\/schema\/logo\/image\/\",\"url\":\"https:\/\/www.svoe-leoben.at\/wpsvoe\/wp-content\/uploads\/2024\/07\/logo.png\",\"contentUrl\":\"https:\/\/www.svoe-leoben.at\/wpsvoe\/wp-content\/uploads\/2024\/07\/logo.png\",\"width\":1000,\"height\":200,\"caption\":\"SV\u00d6 Leoben\"},\"image\":{\"@id\":\"https:\/\/www.svoe-leoben.at\/wpsvoe\/#\/schema\/logo\/image\/\"}}]}<\/script>\n<!-- \/ Yoast SEO plugin. -->","yoast_head_json":{"title":"Chronik - SV\u00d6 Leoben","robots":{"index":"index","follow":"follow","max-snippet":"max-snippet:-1","max-image-preview":"max-image-preview:large","max-video-preview":"max-video-preview:-1"},"canonical":"https:\/\/www.svoe-leoben.at\/wpsvoe\/chronik\/","og_locale":"de_DE","og_type":"article","og_title":"Chronik - SV\u00d6 Leoben","og_description":"Chronik Am 27. Dezember 1978 wurde unter der F\u00fchrung von BM. Friedrich Verient die Gr\u00fcndung des \u00d6sterr. Sch\u00e4ferhundevereines Ortsgruppe Leoben beschlossen. Am 9. Februar 1979 fand die konstituierende Gr\u00fcnderversammlung mit [&hellip;]","og_url":"https:\/\/www.svoe-leoben.at\/wpsvoe\/chronik\/","og_site_name":"SV\u00d6 Leoben","article_modified_time":"2024-07-26T07:42:05+00:00","twitter_card":"summary_large_image","twitter_misc":{"Gesch\u00e4tzte Lesezeit":"2\u00a0Minuten"},"schema":{"@context":"https:\/\/schema.org","@graph":[{"@type":"WebPage","@id":"https:\/\/www.svoe-leoben.at\/wpsvoe\/chronik\/","url":"https:\/\/www.svoe-leoben.at\/wpsvoe\/chronik\/","name":"Chronik - SV\u00d6 Leoben","isPartOf":{"@id":"https:\/\/www.svoe-leoben.at\/wpsvoe\/#website"},"datePublished":"2024-07-26T07:41:23+00:00","dateModified":"2024-07-26T07:42:05+00:00","breadcrumb":{"@id":"https:\/\/www.svoe-leoben.at\/wpsvoe\/chronik\/#breadcrumb"},"inLanguage":"de","potentialAction":[{"@type":"ReadAction","target":["https:\/\/www.svoe-leoben.at\/wpsvoe\/chronik\/"]}]},{"@type":"BreadcrumbList","@id":"https:\/\/www.svoe-leoben.at\/wpsvoe\/chronik\/#breadcrumb","itemListElement":[{"@type":"ListItem","position":1,"name":"Startseite","item":"https:\/\/www.svoe-leoben.at\/wpsvoe\/"},{"@type":"ListItem","position":2,"name":"Chronik"}]},{"@type":"WebSite","@id":"https:\/\/www.svoe-leoben.at\/wpsvoe\/#website","url":"https:\/\/www.svoe-leoben.at\/wpsvoe\/","name":"SV\u00d6 Leoben","description":"\u00d6sterreichischer Verein f\u00fcr Deutsche Sch\u00e4ferhunde","publisher":{"@id":"https:\/\/www.svoe-leoben.at\/wpsvoe\/#organization"},"potentialAction":[{"@type":"SearchAction","target":{"@type":"EntryPoint","urlTemplate":"https:\/\/www.svoe-leoben.at\/wpsvoe\/?s={search_term_string}"},"query-input":{"@type":"PropertyValueSpecification","valueRequired":true,"valueName":"search_term_string"}}],"inLanguage":"de"},{"@type":"Organization","@id":"https:\/\/www.svoe-leoben.at\/wpsvoe\/#organization","name":"SV\u00d6 Leoben","url":"https:\/\/www.svoe-leoben.at\/wpsvoe\/","logo":{"@type":"ImageObject","inLanguage":"de","@id":"https:\/\/www.svoe-leoben.at\/wpsvoe\/#\/schema\/logo\/image\/","url":"https:\/\/www.svoe-leoben.at\/wpsvoe\/wp-content\/uploads\/2024\/07\/logo.png","contentUrl":"https:\/\/www.svoe-leoben.at\/wpsvoe\/wp-content\/uploads\/2024\/07\/logo.png","width":1000,"height":200,"caption":"SV\u00d6 Leoben"},"image":{"@id":"https:\/\/www.svoe-leoben.at\/wpsvoe\/#\/schema\/logo\/image\/"}}]}},"_links":{"self":[{"href":"https:\/\/www.svoe-leoben.at\/wpsvoe\/wp-json\/wp\/v2\/pages\/53","targetHints":{"allow":["GET"]}}],"collection":[{"href":"https:\/\/www.svoe-leoben.at\/wpsvoe\/wp-json\/wp\/v2\/pages"}],"about":[{"href":"https:\/\/www.svoe-leoben.at\/wpsvoe\/wp-json\/wp\/v2\/types\/page"}],"author":[{"embeddable":true,"href":"https:\/\/www.svoe-leoben.at\/wpsvoe\/wp-json\/wp\/v2\/users\/1"}],"replies":[{"embeddable":true,"href":"https:\/\/www.svoe-leoben.at\/wpsvoe\/wp-json\/wp\/v2\/comments?post=53"}],"version-history":[{"count":4,"href":"https:\/\/www.svoe-leoben.at\/wpsvoe\/wp-json\/wp\/v2\/pages\/53\/revisions"}],"predecessor-version":[{"id":57,"href":"https:\/\/www.svoe-leoben.at\/wpsvoe\/wp-json\/wp\/v2\/pages\/53\/revisions\/57"}],"wp:attachment":[{"href":"https:\/\/www.svoe-leoben.at\/wpsvoe\/wp-json\/wp\/v2\/media?parent=53"}],"curies":[{"name":"wp","href":"https:\/\/api.w.org\/{rel}","templated":true}]}}