{"id":46,"date":"2024-07-26T09:34:38","date_gmt":"2024-07-26T07:34:38","guid":{"rendered":"https:\/\/www.svoe-leoben.at\/wpsvoe\/?page_id=46"},"modified":"2024-07-26T09:36:26","modified_gmt":"2024-07-26T07:36:26","slug":"aus-der-sicht-des-hundes","status":"publish","type":"page","link":"https:\/\/www.svoe-leoben.at\/wpsvoe\/aus-der-sicht-des-hundes\/","title":{"rendered":"Aus der Sicht des Hundes"},"content":{"rendered":"\t\t<div data-elementor-type=\"wp-page\" data-elementor-id=\"46\" class=\"elementor elementor-46\">\n\t\t\t\t<div class=\"elementor-element elementor-element-8c52910 e-flex e-con-boxed e-con e-parent\" data-id=\"8c52910\" data-element_type=\"container\">\n\t\t\t\t\t<div class=\"e-con-inner\">\n\t\t<div class=\"elementor-element elementor-element-3cceef7 e-con-full e-flex e-con e-child\" data-id=\"3cceef7\" data-element_type=\"container\">\n\t\t\t\t<div class=\"elementor-element elementor-element-7e91db9 elementor-widget elementor-widget-heading\" data-id=\"7e91db9\" data-element_type=\"widget\" data-widget_type=\"heading.default\">\n\t\t\t\t<div class=\"elementor-widget-container\">\n\t\t\t\t\t<h2 class=\"elementor-heading-title elementor-size-default\">Aus der Sicht des Hundes<\/h2>\t\t\t\t<\/div>\n\t\t\t\t<\/div>\n\t\t\t\t<\/div>\n\t\t<div class=\"elementor-element elementor-element-a7358dc e-con-full e-flex e-con e-child\" data-id=\"a7358dc\" data-element_type=\"container\">\n\t\t\t\t<div class=\"elementor-element elementor-element-29b545e elementor-widget elementor-widget-text-editor\" data-id=\"29b545e\" data-element_type=\"widget\" data-widget_type=\"text-editor.default\">\n\t\t\t\t<div class=\"elementor-widget-container\">\n\t\t\t\t\t\t\t\t\t<p><\/p><h2 class=\"wp-block-heading\">10 Bitten eines Hundes an den Menschen<\/h2><p> <\/p><ol class=\"wp-block-list\"><li>Mein Leben dauert nur 10 bis 15 Jahre. Jede Trennung von Dir bedeutet f\u00fcr mich Leiden. Bedenke es, ehe Du mich anschaffst.<\/li> <li>Gib mir Zeit zu verstehen, was Du von mir willst.<\/li> <li>Pflanze Vertrauen in mich ein. Ich lebe davon.<\/li> <li>Z\u00fcrne \u00a0mir nie lange und sperr mich zur Strafe nicht ein. Du hast Deine \u00a0Arbeit, Deine Vergn\u00fcgungen, Deine Freunde &#8211; ich habe nur Dich.<\/li> <li>Sprich mit mir! Wenn ich auch Deine Worte nicht ganz verstehe, so doch die Stimme, die sich an mich wendet.<\/li> <li>Sei Dir immer bewusst, wie an mir gehandelt wird. Ich vergesse nie.<\/li> <li>Bedenke, ehe Du mich schl\u00e4gst, dass meine Kiefer mit Leichtigkeit Deine \u00a0Hand zerquetschen k\u00f6nnten, dass ich sie aber nie gegen Dich gebrauchen \u00a0w\u00fcrde.<\/li> <li>Bevor Du mich als faul und tr\u00e4ge beschimpfst, bedenke, dass ich vielleicht krank bin oder ein verbrauchtes Herz habe.<\/li> <li>K\u00fcmmere Dich um mich, wenn ich alt werde. Auch Du wirst einmal alt sein.<\/li> <li>Gehe jeden schweren Gang mit mir. Sage nie &#8222;Ich kann so was nicht \u00a0sehen&#8220; oder &#8222;Es soll in meiner Abwesenheit geschehen&#8220;. Alles ist leichter f\u00fcr mich &#8211; mit DIR!<\/li><\/ol><p><\/p>\t\t\t\t\t\t\t\t<\/div>\n\t\t\t\t<\/div>\n\t\t\t\t<\/div>\n\t\t<div class=\"elementor-element elementor-element-d084d8b e-con-full e-flex e-con e-child\" data-id=\"d084d8b\" data-element_type=\"container\">\n\t\t\t\t<\/div>\n\t\t<div class=\"elementor-element elementor-element-dd0bae4 e-con-full e-flex e-con e-child\" data-id=\"dd0bae4\" data-element_type=\"container\">\n\t\t\t\t<\/div>\n\t\t\t\t\t<\/div>\n\t\t\t\t<\/div>\n\t\t\t\t<\/div>\n\t\t","protected":false},"excerpt":{"rendered":"<p>Aus der Sicht des Hundes 10 Bitten eines Hundes an den Menschen<\/p>\n","protected":false},"author":1,"featured_media":0,"parent":0,"menu_order":0,"comment_status":"closed","ping_status":"closed","template":"","meta":{"ocean_post_layout":"full-width","ocean_both_sidebars_style":"","ocean_both_sidebars_content_width":0,"ocean_both_sidebars_sidebars_width":0,"ocean_sidebar":"","ocean_second_sidebar":"","ocean_disable_margins":"on","ocean_add_body_class":"","ocean_shortcode_before_top_bar":"","ocean_shortcode_after_top_bar":"","ocean_shortcode_before_header":"","ocean_shortcode_after_header":"","ocean_has_shortcode":"","ocean_shortcode_after_title":"","ocean_shortcode_before_footer_widgets":"","ocean_shortcode_after_footer_widgets":"","ocean_shortcode_before_footer_bottom":"","ocean_shortcode_after_footer_bottom":"","ocean_display_top_bar":"on","ocean_display_header":"on","ocean_header_style":"","ocean_center_header_left_menu":"","ocean_custom_header_template":"","ocean_custom_logo":0,"ocean_custom_retina_logo":0,"ocean_custom_logo_max_width":0,"ocean_custom_logo_tablet_max_width":0,"ocean_custom_logo_mobile_max_width":0,"ocean_custom_logo_max_height":0,"ocean_custom_logo_tablet_max_height":0,"ocean_custom_logo_mobile_max_height":0,"ocean_header_custom_menu":"","ocean_menu_typo_font_family":"","ocean_menu_typo_font_subset":"","ocean_menu_typo_font_size":0,"ocean_menu_typo_font_size_tablet":0,"ocean_menu_typo_font_size_mobile":0,"ocean_menu_typo_font_size_unit":"px","ocean_menu_typo_font_weight":"","ocean_menu_typo_font_weight_tablet":"","ocean_menu_typo_font_weight_mobile":"","ocean_menu_typo_transform":"","ocean_menu_typo_transform_tablet":"","ocean_menu_typo_transform_mobile":"","ocean_menu_typo_line_height":0,"ocean_menu_typo_line_height_tablet":0,"ocean_menu_typo_line_height_mobile":0,"ocean_menu_typo_line_height_unit":"","ocean_menu_typo_spacing":0,"ocean_menu_typo_spacing_tablet":0,"ocean_menu_typo_spacing_mobile":0,"ocean_menu_typo_spacing_unit":"","ocean_menu_link_color":"","ocean_menu_link_color_hover":"","ocean_menu_link_color_active":"","ocean_menu_link_background":"","ocean_menu_link_hover_background":"","ocean_menu_link_active_background":"","ocean_menu_social_links_bg":"","ocean_menu_social_hover_links_bg":"","ocean_menu_social_links_color":"","ocean_menu_social_hover_links_color":"","ocean_disable_title":"on","ocean_disable_heading":"default","ocean_post_title":"","ocean_post_subheading":"","ocean_post_title_style":"","ocean_post_title_background_color":"","ocean_post_title_background":0,"ocean_post_title_bg_image_position":"","ocean_post_title_bg_image_attachment":"","ocean_post_title_bg_image_repeat":"","ocean_post_title_bg_image_size":"","ocean_post_title_height":0,"ocean_post_title_bg_overlay":0.5,"ocean_post_title_bg_overlay_color":"","ocean_disable_breadcrumbs":"default","ocean_breadcrumbs_color":"","ocean_breadcrumbs_separator_color":"","ocean_breadcrumbs_links_color":"","ocean_breadcrumbs_links_hover_color":"","ocean_display_footer_widgets":"default","ocean_display_footer_bottom":"default","ocean_custom_footer_template":"","footnotes":""},"class_list":["post-46","page","type-page","status-publish","hentry","entry"],"yoast_head":"<!-- This site is optimized with the Yoast SEO plugin v25.1 - https:\/\/yoast.com\/wordpress\/plugins\/seo\/ -->\n<title>Aus der Sicht des Hundes - SV\u00d6 Leoben<\/title>\n<meta name=\"robots\" content=\"index, follow, max-snippet:-1, max-image-preview:large, max-video-preview:-1\" \/>\n<link rel=\"canonical\" href=\"https:\/\/www.svoe-leoben.at\/wpsvoe\/aus-der-sicht-des-hundes\/\" \/>\n<meta property=\"og:locale\" content=\"de_DE\" \/>\n<meta property=\"og:type\" content=\"article\" \/>\n<meta property=\"og:title\" content=\"Aus der Sicht des Hundes - SV\u00d6 Leoben\" \/>\n<meta property=\"og:description\" content=\"Aus der Sicht des Hundes 10 Bitten eines Hundes an den Menschen\" \/>\n<meta property=\"og:url\" content=\"https:\/\/www.svoe-leoben.at\/wpsvoe\/aus-der-sicht-des-hundes\/\" \/>\n<meta property=\"og:site_name\" content=\"SV\u00d6 Leoben\" \/>\n<meta property=\"article:modified_time\" content=\"2024-07-26T07:36:26+00:00\" \/>\n<meta name=\"twitter:card\" content=\"summary_large_image\" \/>\n<meta name=\"twitter:label1\" content=\"Gesch\u00e4tzte Lesezeit\" \/>\n\t<meta name=\"twitter:data1\" content=\"2\u00a0Minuten\" \/>\n<script type=\"application\/ld+json\" class=\"yoast-schema-graph\">{\"@context\":\"https:\/\/schema.org\",\"@graph\":[{\"@type\":\"WebPage\",\"@id\":\"https:\/\/www.svoe-leoben.at\/wpsvoe\/aus-der-sicht-des-hundes\/\",\"url\":\"https:\/\/www.svoe-leoben.at\/wpsvoe\/aus-der-sicht-des-hundes\/\",\"name\":\"Aus der Sicht des Hundes - SV\u00d6 Leoben\",\"isPartOf\":{\"@id\":\"https:\/\/www.svoe-leoben.at\/wpsvoe\/#website\"},\"datePublished\":\"2024-07-26T07:34:38+00:00\",\"dateModified\":\"2024-07-26T07:36:26+00:00\",\"breadcrumb\":{\"@id\":\"https:\/\/www.svoe-leoben.at\/wpsvoe\/aus-der-sicht-des-hundes\/#breadcrumb\"},\"inLanguage\":\"de\",\"potentialAction\":[{\"@type\":\"ReadAction\",\"target\":[\"https:\/\/www.svoe-leoben.at\/wpsvoe\/aus-der-sicht-des-hundes\/\"]}]},{\"@type\":\"BreadcrumbList\",\"@id\":\"https:\/\/www.svoe-leoben.at\/wpsvoe\/aus-der-sicht-des-hundes\/#breadcrumb\",\"itemListElement\":[{\"@type\":\"ListItem\",\"position\":1,\"name\":\"Startseite\",\"item\":\"https:\/\/www.svoe-leoben.at\/wpsvoe\/\"},{\"@type\":\"ListItem\",\"position\":2,\"name\":\"Aus der Sicht des Hundes\"}]},{\"@type\":\"WebSite\",\"@id\":\"https:\/\/www.svoe-leoben.at\/wpsvoe\/#website\",\"url\":\"https:\/\/www.svoe-leoben.at\/wpsvoe\/\",\"name\":\"SV\u00d6 Leoben\",\"description\":\"\u00d6sterreichischer Verein f\u00fcr Deutsche Sch\u00e4ferhunde\",\"publisher\":{\"@id\":\"https:\/\/www.svoe-leoben.at\/wpsvoe\/#organization\"},\"potentialAction\":[{\"@type\":\"SearchAction\",\"target\":{\"@type\":\"EntryPoint\",\"urlTemplate\":\"https:\/\/www.svoe-leoben.at\/wpsvoe\/?s={search_term_string}\"},\"query-input\":{\"@type\":\"PropertyValueSpecification\",\"valueRequired\":true,\"valueName\":\"search_term_string\"}}],\"inLanguage\":\"de\"},{\"@type\":\"Organization\",\"@id\":\"https:\/\/www.svoe-leoben.at\/wpsvoe\/#organization\",\"name\":\"SV\u00d6 Leoben\",\"url\":\"https:\/\/www.svoe-leoben.at\/wpsvoe\/\",\"logo\":{\"@type\":\"ImageObject\",\"inLanguage\":\"de\",\"@id\":\"https:\/\/www.svoe-leoben.at\/wpsvoe\/#\/schema\/logo\/image\/\",\"url\":\"https:\/\/www.svoe-leoben.at\/wpsvoe\/wp-content\/uploads\/2024\/07\/logo.png\",\"contentUrl\":\"https:\/\/www.svoe-leoben.at\/wpsvoe\/wp-content\/uploads\/2024\/07\/logo.png\",\"width\":1000,\"height\":200,\"caption\":\"SV\u00d6 Leoben\"},\"image\":{\"@id\":\"https:\/\/www.svoe-leoben.at\/wpsvoe\/#\/schema\/logo\/image\/\"}}]}<\/script>\n<!-- \/ Yoast SEO plugin. -->","yoast_head_json":{"title":"Aus der Sicht des Hundes - SV\u00d6 Leoben","robots":{"index":"index","follow":"follow","max-snippet":"max-snippet:-1","max-image-preview":"max-image-preview:large","max-video-preview":"max-video-preview:-1"},"canonical":"https:\/\/www.svoe-leoben.at\/wpsvoe\/aus-der-sicht-des-hundes\/","og_locale":"de_DE","og_type":"article","og_title":"Aus der Sicht des Hundes - SV\u00d6 Leoben","og_description":"Aus der Sicht des Hundes 10 Bitten eines Hundes an den Menschen","og_url":"https:\/\/www.svoe-leoben.at\/wpsvoe\/aus-der-sicht-des-hundes\/","og_site_name":"SV\u00d6 Leoben","article_modified_time":"2024-07-26T07:36:26+00:00","twitter_card":"summary_large_image","twitter_misc":{"Gesch\u00e4tzte Lesezeit":"2\u00a0Minuten"},"schema":{"@context":"https:\/\/schema.org","@graph":[{"@type":"WebPage","@id":"https:\/\/www.svoe-leoben.at\/wpsvoe\/aus-der-sicht-des-hundes\/","url":"https:\/\/www.svoe-leoben.at\/wpsvoe\/aus-der-sicht-des-hundes\/","name":"Aus der Sicht des Hundes - SV\u00d6 Leoben","isPartOf":{"@id":"https:\/\/www.svoe-leoben.at\/wpsvoe\/#website"},"datePublished":"2024-07-26T07:34:38+00:00","dateModified":"2024-07-26T07:36:26+00:00","breadcrumb":{"@id":"https:\/\/www.svoe-leoben.at\/wpsvoe\/aus-der-sicht-des-hundes\/#breadcrumb"},"inLanguage":"de","potentialAction":[{"@type":"ReadAction","target":["https:\/\/www.svoe-leoben.at\/wpsvoe\/aus-der-sicht-des-hundes\/"]}]},{"@type":"BreadcrumbList","@id":"https:\/\/www.svoe-leoben.at\/wpsvoe\/aus-der-sicht-des-hundes\/#breadcrumb","itemListElement":[{"@type":"ListItem","position":1,"name":"Startseite","item":"https:\/\/www.svoe-leoben.at\/wpsvoe\/"},{"@type":"ListItem","position":2,"name":"Aus der Sicht des Hundes"}]},{"@type":"WebSite","@id":"https:\/\/www.svoe-leoben.at\/wpsvoe\/#website","url":"https:\/\/www.svoe-leoben.at\/wpsvoe\/","name":"SV\u00d6 Leoben","description":"\u00d6sterreichischer Verein f\u00fcr Deutsche Sch\u00e4ferhunde","publisher":{"@id":"https:\/\/www.svoe-leoben.at\/wpsvoe\/#organization"},"potentialAction":[{"@type":"SearchAction","target":{"@type":"EntryPoint","urlTemplate":"https:\/\/www.svoe-leoben.at\/wpsvoe\/?s={search_term_string}"},"query-input":{"@type":"PropertyValueSpecification","valueRequired":true,"valueName":"search_term_string"}}],"inLanguage":"de"},{"@type":"Organization","@id":"https:\/\/www.svoe-leoben.at\/wpsvoe\/#organization","name":"SV\u00d6 Leoben","url":"https:\/\/www.svoe-leoben.at\/wpsvoe\/","logo":{"@type":"ImageObject","inLanguage":"de","@id":"https:\/\/www.svoe-leoben.at\/wpsvoe\/#\/schema\/logo\/image\/","url":"https:\/\/www.svoe-leoben.at\/wpsvoe\/wp-content\/uploads\/2024\/07\/logo.png","contentUrl":"https:\/\/www.svoe-leoben.at\/wpsvoe\/wp-content\/uploads\/2024\/07\/logo.png","width":1000,"height":200,"caption":"SV\u00d6 Leoben"},"image":{"@id":"https:\/\/www.svoe-leoben.at\/wpsvoe\/#\/schema\/logo\/image\/"}}]}},"_links":{"self":[{"href":"https:\/\/www.svoe-leoben.at\/wpsvoe\/wp-json\/wp\/v2\/pages\/46","targetHints":{"allow":["GET"]}}],"collection":[{"href":"https:\/\/www.svoe-leoben.at\/wpsvoe\/wp-json\/wp\/v2\/pages"}],"about":[{"href":"https:\/\/www.svoe-leoben.at\/wpsvoe\/wp-json\/wp\/v2\/types\/page"}],"author":[{"embeddable":true,"href":"https:\/\/www.svoe-leoben.at\/wpsvoe\/wp-json\/wp\/v2\/users\/1"}],"replies":[{"embeddable":true,"href":"https:\/\/www.svoe-leoben.at\/wpsvoe\/wp-json\/wp\/v2\/comments?post=46"}],"version-history":[{"count":4,"href":"https:\/\/www.svoe-leoben.at\/wpsvoe\/wp-json\/wp\/v2\/pages\/46\/revisions"}],"predecessor-version":[{"id":50,"href":"https:\/\/www.svoe-leoben.at\/wpsvoe\/wp-json\/wp\/v2\/pages\/46\/revisions\/50"}],"wp:attachment":[{"href":"https:\/\/www.svoe-leoben.at\/wpsvoe\/wp-json\/wp\/v2\/media?parent=46"}],"curies":[{"name":"wp","href":"https:\/\/api.w.org\/{rel}","templated":true}]}}